t is 4b38679 (base 12) in base 10?
14758077
-b206a5 (base 12) to base 3
-12020012220122
Convert 54e91 (base 15) to base 16.
41e57
What is -167327 (base 10) in base 3?
-22111112022
What is 414805 (base 10) in base 6?
12520221
Convert 7365 (base 14) to base 11.
13a38
Convert 105103 (base 14) to base 15.
ad72d
535908 (base 10) to base 3
1000020010110
Convert -211022002112 (base 3) to base 11.
-27a854
What is 8a576c (base 13) in base 8?
14357164
-4451004 (base 6) to base 15
-4676d
Convert 15104540 (base 6) to base 15.
a4a40
Convert 58db5 (base 15) to base 13.
9bbb2
What is 33303121 (base 5) in base 2?
1000111000011011100
-180983 (base 13) to base 16
-92d41
What is -68c7a4 (base 13) in base 10?
-2483927
Convert -53033240 (base 6) to base 12.
-625820
What is 1cba77 (base 14) in base 7?
11523010
-268289 (base 10) to base 3
-111122000122
What is 132182 (base 13) in base 7?
3631622
What is -12020030133 (base 4) in base 8?
-6101437
8c1a87 (base 13) to base 2
1100101001110101010010
-3602144 (base 9) to base 11
-1112236
122476 (base 10) to base 7
1020034
28c395 (base 13) to base 9
1781073
What is 754991 (base 11) in base 10?
1207075
-3166274 (base 8) to base 2
-11001110110010111100
What is -323203020 (base 4) in base 3?
-110101120210
What is -5060414 (base 9) in base 10?
-2696908
-121212000021 (base 3) to base 7
-2551030
Convert 7003621 (base 9) to base 11.
2112a85
-1221014 (base 7) to base 8
-461403
Convert -27302465 (base 8) to base 12.
-2076a19
Convert -1540172 (base 11) to base 12.
-a71278
1d26fb (base 16) to base 10
1910523
Convert 41441220 (base 5) to base 4.
1103310032
10011100001001001 (base 2) to base 5
10024240
-311476 (base 8) to base 7
-606651
Convert 1003223301113 (base 4) to base 15.
1857275
Convert 26c376c (base 13) to base 4.
232222110210
Convert 110243334 (base 5) to base 11.
2a7118
Convert 1102200 (base 6) to base 16.
d698
-7bb6c (base 14) to base 3
-120022101001
What is -73373 (base 10) in base 8?
-217235
Convert -2fccbd (base 16) to base 10.
-3132605
What is 2306435 (base 7) in base 15?
5a4ee
What is -20241413 (base 5) in base 16?
-28571
What is -1000100100001101001 (base 2) in base 5?
-32440211
Convert 10111000100000111111101 (base 2) to base 8.
27040775
What is -100200201221211 (base 3) in base 15?
-6bb6e1
What is -2554433 (base 6) in base 9?
-232563
What is 5340 (base 15) in base 6?
213310
What is -10034432 (base 5) in base 8?
-235351
Convert 3525412 (base 6) to base 8.
544620
-20014102 (base 6) to base 12
-231332
What is -402360 (base 7) in base 14?
-1ab67
Convert 50145172 (base 8) to base 3.
201211100212021
What is 1240345 (base 10) in base 3?
2100000102201
Convert -38310 (base 9) to base 11.
-183a5
What is 12016430 (base 8) in base 9?
4846136
What is 11440320 (base 5) in base 14?
2b93d
11753523 (base 10) to base 6
1055530243
Convert -11ce1 (base 16) to base 14.
-1c813
What is -65224 (base 10) in base 3?
-10022110201
-228a6 (base 15) to base 12
-53770
What is 1332232340 (base 5) in base 4?
30331312313
Convert -302103320 (base 5) to base 6.
-41510342
What is -5363775 (base 11) in base 6?
-534110354
Convert -6f04bc (base 16) to base 4.
-123300102330
238230 (base 13) to base 7
10123056
-71021 (base 11) to base 7
-611513
-32331210 (base 5) to base 15
-57155
Convert -98702 (base 10) to base 5.
-11124302
What is -12366016 (base 9) in base 7?
-102365220
-cb71c7 (base 14) to base 11
-3990110
Convert -96b6 (base 13) to base 9.
-31642
Convert -41401144 (base 5) to base 8.
-1231477
What is 13110101 (base 4) in base 14?
acc9
Convert 20400412 (base 5) to base 9.
276558
Convert -1313410 (base 7) to base 6.
-3402531
What is 20ca31 (base 14) in base 2?
100001111001000110011
What is -356358 (base 10) in base 15?
-708c3
-240631 (base 8) to base 9
-134836
Convert -35386 (base 13) to base 9.
-157404
2a65a0a (base 11) to base 6
304302321
-10300121230 (base 5) to base 7
-162002031
What is -88bba (base 13) in base 10?
-248076
Convert 174624 (base 9) to base 3.
12111200211
5939 (base 15) to base 11
13271
Convert 200577 (base 9) to base 10.
118573
Convert 133043555 (base 7) to base 6.
504151315
Convert 108157 (base 15) to base 6.
24510014
What is 13a40 (base 15) in base 11?
43418
Convert 12206013 (base 8) to base 4.
22100300023
-10100111011001001 (base 2) to base 4
-110323021
What is -527054 (base 8) in base 9?
-286857
-225201434 (base 6) to base 10
-4168318
100010121211212 (base 3) to base 5
2220314144
1141302 (base 5) to base 15
6552
Convert -15524553 (base 6) to base 10.
-555765
Convert -12202011112 (base 3) to base 7.
-650534
What is 715607 (base 14) in base 13?
a38b30
Convert -8c0ad (base 14) to base 10.
-340409
3b7862 (base 12) to base 11
615264
What is 20222200201 (base 3) in base 10?
137557
-200100212000200 (base 3) to base 8
-45166176
Convert -2633c (base 13) to base 8.
-212316
Convert 692a96 (base 15) to base 6.
255341240
12a1 (base 15) to base 8
7610
-22033015 (base 6) to base 12
-27876b
What is -1003122020 (base 4) in base 2?
-1000011011010001000
Convert -4216be (base 16) to base 11.
-2499103
603541 (base 8) to base 11
126152
Convert -da5ac (base 15) to base 8.
-2511652
4303342 (base 5) to base 12
35a4b
What is 1111011000110000 (base 2) in base 10?
63024
Convert 1101000001010122 (base 3) to base 4.
1023000310100
What is 3131243 (base 5) in base 16?
cb69
What is 391ba9 (base 12) in base 6?
32023533
Convert 1552125300 (base 6) to base 2.
1001100001110000000100100
-1135055 (base 6) to base 7
-335165
-13243131 (base 5) to base 4
-200300112
-341a45a (base 11) to base 8
-26656073
-43865 (base 11) to base 13
-22c40
212937 (base 10) to base 7
1544544
-1030103222 (base 4) to base 8
-1142352
-347554 (base 9) to base 3
-101121121211
1140211133 (base 5) to base 15
3791cd
What is 2154745 (base 8) in base 14?
111577
What is 3a75e (base 16) in base 12?
b66a6
Convert -15205410 (base 8) to base 16.
-350b08
Convert -2353405 (base 7) to base 3.
-120012002101
Convert -15b2 (base 12) to base 9.
-3478
What is 1204023 (base 7) in base 4?
211101030
-14d17b8 (base 14) to base 5
-10101401033
Convert -1b1e23 (base 16) to base 7.
-21051206
-60147 (base 14) to base 13
-81055
779c3 (base 14) to base 13
a203c
-459a65 (base 12) to base 2
-100010000011110101101
What is 110112002 (base 4) in base 5?
10131310
What is 5362427 (base 8) in base 15?
1d5253
22c9833 (base 14) to base 5
13223401041
Convert 4531100 (base 9) to base 15.
33361c
Convert -161b551 (base 12) to base 11.
-2607628
What is -1010111000100000010100 (base 2) in base 12?
-b56b84
What is -122254240 (base 6) in base 5?
-1100341132
-209633 (base 11) to base 6
-11102111
What is 1784 (base 15) in base 13?
2404
6110386 (base 10) to base 9
12442777
Convert 333301200 (base 5) to base 13.
3c29b6
-40b85 (base 13) to base 10
-116212
Convert 50000 (base 9) to base 7.
164433
10103 (base 7) to base 4
212111
Convert -8706 (base 12) to base 4.
-3213312
What is 2010201121001 (base 3) in base 12?
469647
-13334166 (base 8) to base 6
-144115542
What is 132321012101 (base 4) in base 16?
7b9191
Convert 5060800 (base 11) to base 5.
4242242434
What is -2627a1 (base 16) in base 9?
-4631047
What is -122020111210 (base 4) in base 6?
-402452244
42246 (base 11) to base 16
f04e
What is -282aab (base 13) in base 3?
-1211122121021
What is 13212 (base 8) in base 10?
5770
What is -3424314 (base 5) in base 16?
-ef19
What is 278086 (base 10) in base 15?
575e1
What is -3852151 (base 9) in base 15?
-2b783a
-6022570 (base 11) to base 7
-156424345
Convert -31359 (base 10) to base 7.
-160266
What is -71176c (base 13) in base 7?
-31235536
What is 11124143214 (base 5) in base 9?
25178278
Convert 342343330 (base 5) to base 2.
101110101000010011101
Convert 20425256 (base 7) to base 5.
420032340
What is 25431322 (base 6) in base 3?
1120002110112
What is 10000111111001001 (base 2) in base 8?
207711
Convert 30330 (base 5) to base 16.
7ad
1b2400 (base 15) to base 6
44213100
-17197 (base 13) to base 8
-126311
211022001222 (base 3) to base 13
124a15
14591 (base 14) to base 11
34a39
Convert -1a251 (base 16) to base 13.
-39988
What is 70998 (base 16) in base 4?
1300212120
-11255155 (base 7) to base 13
-287ca4
Convert -6425576 (base 9) to base 16.
-3485a3
2300445 (base 6) to base 2
11100100001001101
Convert -1208736 (base 9) to base 15.
-ce566
Convert 221423 (bas